{"id":55,"date":"2016-01-06T22:10:48","date_gmt":"2016-01-06T22:10:48","guid":{"rendered":"http:\/\/www.jannkickler.de\/mesa\/?page_id=55"},"modified":"2016-01-08T20:49:42","modified_gmt":"2016-01-08T20:49:42","slug":"anreise","status":"publish","type":"page","link":"https:\/\/www.alte-schule-suellwarden.de\/?page_id=55","title":{"rendered":"Anreise"},"content":{"rendered":"<div id=\"wpgmza_map\" class=\"wpgmza_map\" data-settings='{\"id\":\"1\",\"map_title\":\"Die Alte Schule S\\u00fcllwarden in Butjadingen\",\"map_width\":\"100\",\"map_height\":\"400\",\"map_start_lat\":\"53.514965\",\"map_start_lng\":\"8.307807\",\"map_start_location\":\"53.51496469193678,8.307806708984357\",\"map_start_zoom\":\"10\",\"default_marker\":\"0\",\"type\":\"1\",\"alignment\":\"1\",\"directions_enabled\":\"1\",\"styling_enabled\":\"0\",\"styling_json\":\"\",\"active\":\"0\",\"kml\":\"\",\"bicycle\":\"0\",\"traffic\":\"0\",\"dbox\":\"1\",\"dbox_width\":\"250\",\"listmarkers\":\"0\",\"listmarkers_advanced\":\"0\",\"filterbycat\":\"0\",\"ugm_enabled\":\"0\",\"ugm_category_enabled\":\"0\",\"fusion\":\"\",\"map_width_type\":\"\\\\%\",\"map_height_type\":\"px\",\"mass_marker_support\":\"1\",\"ugm_access\":\"0\",\"order_markers_by\":\"1\",\"order_markers_choice\":\"2\",\"show_user_location\":\"0\",\"default_to\":\"\",\"other_settings\":{\"store_locator_enabled\":2,\"store_locator_distance\":2,\"store_locator_bounce\":1,\"store_locator_query_string\":\"ZIP \\\/ Address:\",\"wpgmza_store_locator_restrict\":\"\",\"map_max_zoom\":\"1\",\"transport_layer\":0,\"wpgmza_theme_data\":\"\"}}' data-map-id='1' Data-maps-engine='google-maps' data-shortcode-attributes='{\"id\":\"1\"}' style=\"display:block; overflow:auto; width:100%; height:400px; float:left;\"><\/div>\n<p>&nbsp;<\/p>\n<p>Die Adresse der Schule ist:<\/p>\n<address>\nS\u00fcllwarden 22<br \/>\n26969 Butjadingen<br \/>\n<\/address>\n<p><a href=\"https:\/\/www.google.com\/maps\/place\/S%C3%BCllwarden+22,+26969+Butjadingen,+Deutschland\/@53.568784,8.307209,15z\/data=!4m7!1m4!3m3!1s0x47b6bd986e1336fd:0xbcd0806d64108e3!2sS%C3%BCllwarden+22,+26969+Butjadingen,+Deutschland!3b1!3m1!1s0x47b6bd986e1336fd:0xbcd0806d64108e3?hl=de\" target=\"_blank\">Google Routenplaner<\/a><\/p>\n<p>Von drei Seiten mit Wasser umgeben, zum S\u00fcden mit dem Festland verbunden ist Butjadingen die gr\u00f6\u00dfte Halbinsel des Nordens sowie reizvolle und erholsame Landschaft unter dem Wind. Mit 129 Quadratkilometer die idyllischen K\u00fcsten- badeorte Burhave, Tossens und Eckwarden vor der einzigartigen Landschaft, dem Nationalpark Nieders\u00e4chsisches Wattenmeer.<\/p>\n<p>In Butjadingen werden Ruhe und Entspannung garantiert. F\u00fcr Stammg\u00e4ste ist diese Halbinsel ein Geheimtip und die beste Alternative zum Alltagtrott. Dort wo die Nordseewellen rauschen, ist der ideale Raum zur Erholung. Wind und Wetter, gemischt mit einer Brise frischer, salzhaltiger Luft, bestimmen das gesunde Klima Butjadingens.<\/p>\n","protected":false},"excerpt":{"rendered":"<p>&nbsp; Die Adresse der Schule ist: S\u00fcllwarden 22 26969 Butjadingen Google Routenplaner Von drei Seiten mit Wasser umgeben, zum S\u00fcden mit dem Festland verbunden ist Butjadingen die gr\u00f6\u00dfte Halbinsel des Nordens sowie reizvolle und erholsame Landschaft unter dem Wind. Mit &hellip; <a href=\"https:\/\/www.alte-schule-suellwarden.de\/?page_id=55\">Weiterlesen <span class=\"meta-nav\">&rarr;<\/span><\/a><\/p>\n","protected":false},"author":1,"featured_media":0,"parent":0,"menu_order":0,"comment_status":"closed","ping_status":"closed","template":"sidebar-page.php","meta":{"jetpack_post_was_ever_published":false,"footnotes":""},"class_list":["post-55","page","type-page","status-publish","hentry"],"jetpack_sharing_enabled":true,"jetpack_shortlink":"https:\/\/wp.me\/P761Kd-T","jetpack-related-posts":[],"_links":{"self":[{"href":"https:\/\/www.alte-schule-suellwarden.de\/index.php?rest_route=\/wp\/v2\/pages\/55","targetHints":{"allow":["GET"]}}],"collection":[{"href":"https:\/\/www.alte-schule-suellwarden.de\/index.php?rest_route=\/wp\/v2\/pages"}],"about":[{"href":"https:\/\/www.alte-schule-suellwarden.de\/index.php?rest_route=\/wp\/v2\/types\/page"}],"author":[{"embeddable":true,"href":"https:\/\/www.alte-schule-suellwarden.de\/index.php?rest_route=\/wp\/v2\/users\/1"}],"replies":[{"embeddable":true,"href":"https:\/\/www.alte-schule-suellwarden.de\/index.php?rest_route=%2Fwp%2Fv2%2Fcomments&post=55"}],"version-history":[{"count":8,"href":"https:\/\/www.alte-schule-suellwarden.de\/index.php?rest_route=\/wp\/v2\/pages\/55\/revisions"}],"predecessor-version":[{"id":237,"href":"https:\/\/www.alte-schule-suellwarden.de\/index.php?rest_route=\/wp\/v2\/pages\/55\/revisions\/237"}],"wp:attachment":[{"href":"https:\/\/www.alte-schule-suellwarden.de\/index.php?rest_route=%2Fwp%2Fv2%2Fmedia&parent=55"}],"curies":[{"name":"wp","href":"https:\/\/api.w.org\/{rel}","templated":true}]}}